{"id":3818,"date":"2014-05-21T13:57:11","date_gmt":"2014-05-21T12:57:11","guid":{"rendered":"https:\/\/www.paterskerk.nl\/?page_id=3818"},"modified":"2014-09-01T17:09:43","modified_gmt":"2014-09-01T15:09:43","slug":"veranstaltungen","status":"publish","type":"page","link":"https:\/\/www.paterskerk.nl\/de\/veranstaltungen\/","title":{"rendered":"Veranstaltungen"},"content":{"rendered":"\n<style type=\"text\/css\" data-created_by=\"avia_inline_auto\" id=\"style-css-av-av_heading-63e02ecbde01bb2ee7ce57fb27c97ccc\">\n#top .av-special-heading.av-av_heading-63e02ecbde01bb2ee7ce57fb27c97ccc{\npadding-bottom:10px;\n}\nbody .av-special-heading.av-av_heading-63e02ecbde01bb2ee7ce57fb27c97ccc .av-special-heading-tag .heading-char{\nfont-size:25px;\n}\n.av-special-heading.av-av_heading-63e02ecbde01bb2ee7ce57fb27c97ccc .av-subheading{\nfont-size:15px;\n}\n<\/style>\n<div  class='av-special-heading av-av_heading-63e02ecbde01bb2ee7ce57fb27c97ccc av-special-heading-h3 meta-heading  avia-builder-el-0  el_before_av_textblock  avia-builder-el-first '><h3 class='av-special-heading-tag '  itemprop=\"headline\"  >Ihre Veranstaltung in einer monumentalen Umgebung!<\/h3><div class=\"special-heading-border\"><div class=\"special-heading-inner-border\"><\/div><\/div><\/div>\n<section  class='av_textblock_section av-av_textblock-aaf3a53f7e22769a7798f31e42769683 '   itemscope=\"itemscope\" itemtype=\"https:\/\/schema.org\/CreativeWork\" ><div class='avia_textblock'  itemprop=\"text\" ><p>Im Zentrum von Weert, an der Stra\u00dfe Biest, steht die monumentale \u201ePaterskerk\u201c. Ein ganz besonderer Ort, ein Franziskaner Kloster mit Kirche aus dem Jahr 1461.\u00a0Es wurde dort mehr als 550 Jahre gebetet, getraut, getauft und beerdigt, entspannt, gearbeitet, Bier gebraut, gehandelt und musiziert.\u00a0Die \u201ePaterskerk\u201c hatte schon immer f\u00fcr alle diese Gelegenheiten einen gro\u00dfen repr\u00e4sentativen\u00a0Raum in der Stadt Weert. Die heutige \u201ePaterskerk\u201c spielt im st\u00e4dtischen Leben eine vergleichbare Rolle in einer anderen Zeit. Auch heute treffen sich hier Menschen, um Ausstellungen zu besichtigen, werden festliche und au\u00dfergew\u00f6hnliche Zusammenk\u00fcnfte gehalten oder es finden andere kulturelle Events statt. Dies alles passiert in einer fantastischen monumentalen Umgebung, die die Verbindung zur Vergangenheit sichtbar macht. Ob es sich nun um einen Kongress, eine\u00a0Pr\u00e4sentation, Hochzeit ob Diner oder Empfang handelt!\u00a0Die \u201ePaterskerk Evenement\u201c macht von jeder Veranstaltung ein einzigartiges Erlebnis, das Ihnen lange im Ged\u00e4chtnis bleibt.<\/p>\n<p>Die t\u00e4gliche Organisation wird durch\u00a0<strong>Paterskerk Veranstaltungen\u00a0<\/strong>durchgef\u00fchrt.<br \/>\nLiesbeth Maes-Camfferman &#8211; 0031 (0)6 -51 386 398<\/p>\n<\/div><\/section>\n","protected":false},"excerpt":{"rendered":"","protected":false},"author":101011,"featured_media":0,"parent":0,"menu_order":0,"comment_status":"closed","ping_status":"closed","template":"","meta":{"footnotes":""},"class_list":["post-3818","page","type-page","status-publish","hentry"],"yoast_head":"<!-- This site is optimized with the Yoast SEO plugin v27.1.1 - https:\/\/yoast.com\/product\/yoast-seo-wordpress\/ -->\n<title>Veranstaltungen - Paterskerk<\/title>\n<meta name=\"robots\" content=\"index, follow, max-snippet:-1, max-image-preview:large, max-video-preview:-1\" \/>\n<link rel=\"canonical\" href=\"https:\/\/www.paterskerk.nl\/de\/veranstaltungen\/\" \/>\n<meta property=\"og:locale\" content=\"de_DE\" \/>\n<meta property=\"og:type\" content=\"article\" \/>\n<meta property=\"og:title\" content=\"Veranstaltungen - Paterskerk\" \/>\n<meta property=\"og:url\" content=\"https:\/\/www.paterskerk.nl\/de\/veranstaltungen\/\" \/>\n<meta property=\"og:site_name\" content=\"Paterskerk\" \/>\n<meta property=\"article:modified_time\" content=\"2014-09-01T15:09:43+00:00\" \/>\n<meta property=\"og:image\" content=\"https:\/\/www.paterskerk.nl\/wp-content\/uploads\/2013\/04\/paterskerk-logo-pos.png\" \/>\n\t<meta property=\"og:image:width\" content=\"237\" \/>\n\t<meta property=\"og:image:height\" content=\"90\" \/>\n\t<meta property=\"og:image:type\" content=\"image\/png\" \/>\n<meta name=\"twitter:card\" content=\"summary_large_image\" \/>\n<meta name=\"twitter:label1\" content=\"Gesch\u00e4tzte Lesezeit\" \/>\n\t<meta name=\"twitter:data1\" content=\"1\u00a0Minute\" \/>\n<script type=\"application\/ld+json\" class=\"yoast-schema-graph\">{\"@context\":\"https:\/\/schema.org\",\"@graph\":[{\"@type\":\"WebPage\",\"@id\":\"https:\/\/www.paterskerk.nl\/de\/veranstaltungen\/\",\"url\":\"https:\/\/www.paterskerk.nl\/de\/veranstaltungen\/\",\"name\":\"Veranstaltungen - Paterskerk\",\"isPartOf\":{\"@id\":\"https:\/\/www.paterskerk.nl\/#website\"},\"datePublished\":\"2014-05-21T12:57:11+00:00\",\"dateModified\":\"2014-09-01T15:09:43+00:00\",\"breadcrumb\":{\"@id\":\"https:\/\/www.paterskerk.nl\/de\/veranstaltungen\/#breadcrumb\"},\"inLanguage\":\"de\",\"potentialAction\":[{\"@type\":\"ReadAction\",\"target\":[\"https:\/\/www.paterskerk.nl\/de\/veranstaltungen\/\"]}]},{\"@type\":\"BreadcrumbList\",\"@id\":\"https:\/\/www.paterskerk.nl\/de\/veranstaltungen\/#breadcrumb\",\"itemListElement\":[{\"@type\":\"ListItem\",\"position\":1,\"name\":\"Home\",\"item\":\"https:\/\/www.paterskerk.nl\/de\/\"},{\"@type\":\"ListItem\",\"position\":2,\"name\":\"Veranstaltungen\"}]},{\"@type\":\"WebSite\",\"@id\":\"https:\/\/www.paterskerk.nl\/#website\",\"url\":\"https:\/\/www.paterskerk.nl\/\",\"name\":\"Paterskerk\",\"description\":\"Uw evenement in een monumentale ambiance\",\"potentialAction\":[{\"@type\":\"SearchAction\",\"target\":{\"@type\":\"EntryPoint\",\"urlTemplate\":\"https:\/\/www.paterskerk.nl\/?s={search_term_string}\"},\"query-input\":{\"@type\":\"PropertyValueSpecification\",\"valueRequired\":true,\"valueName\":\"search_term_string\"}}],\"inLanguage\":\"de\"}]}<\/script>\n<!-- \/ Yoast SEO plugin. -->","yoast_head_json":{"title":"Veranstaltungen - Paterskerk","robots":{"index":"index","follow":"follow","max-snippet":"max-snippet:-1","max-image-preview":"max-image-preview:large","max-video-preview":"max-video-preview:-1"},"canonical":"https:\/\/www.paterskerk.nl\/de\/veranstaltungen\/","og_locale":"de_DE","og_type":"article","og_title":"Veranstaltungen - Paterskerk","og_url":"https:\/\/www.paterskerk.nl\/de\/veranstaltungen\/","og_site_name":"Paterskerk","article_modified_time":"2014-09-01T15:09:43+00:00","og_image":[{"width":237,"height":90,"url":"https:\/\/www.paterskerk.nl\/wp-content\/uploads\/2013\/04\/paterskerk-logo-pos.png","type":"image\/png"}],"twitter_card":"summary_large_image","twitter_misc":{"Gesch\u00e4tzte Lesezeit":"1\u00a0Minute"},"schema":{"@context":"https:\/\/schema.org","@graph":[{"@type":"WebPage","@id":"https:\/\/www.paterskerk.nl\/de\/veranstaltungen\/","url":"https:\/\/www.paterskerk.nl\/de\/veranstaltungen\/","name":"Veranstaltungen - Paterskerk","isPartOf":{"@id":"https:\/\/www.paterskerk.nl\/#website"},"datePublished":"2014-05-21T12:57:11+00:00","dateModified":"2014-09-01T15:09:43+00:00","breadcrumb":{"@id":"https:\/\/www.paterskerk.nl\/de\/veranstaltungen\/#breadcrumb"},"inLanguage":"de","potentialAction":[{"@type":"ReadAction","target":["https:\/\/www.paterskerk.nl\/de\/veranstaltungen\/"]}]},{"@type":"BreadcrumbList","@id":"https:\/\/www.paterskerk.nl\/de\/veranstaltungen\/#breadcrumb","itemListElement":[{"@type":"ListItem","position":1,"name":"Home","item":"https:\/\/www.paterskerk.nl\/de\/"},{"@type":"ListItem","position":2,"name":"Veranstaltungen"}]},{"@type":"WebSite","@id":"https:\/\/www.paterskerk.nl\/#website","url":"https:\/\/www.paterskerk.nl\/","name":"Paterskerk","description":"Uw evenement in een monumentale ambiance","potentialAction":[{"@type":"SearchAction","target":{"@type":"EntryPoint","urlTemplate":"https:\/\/www.paterskerk.nl\/?s={search_term_string}"},"query-input":{"@type":"PropertyValueSpecification","valueRequired":true,"valueName":"search_term_string"}}],"inLanguage":"de"}]}},"_links":{"self":[{"href":"https:\/\/www.paterskerk.nl\/de\/wp-json\/wp\/v2\/pages\/3818","targetHints":{"allow":["GET"]}}],"collection":[{"href":"https:\/\/www.paterskerk.nl\/de\/wp-json\/wp\/v2\/pages"}],"about":[{"href":"https:\/\/www.paterskerk.nl\/de\/wp-json\/wp\/v2\/types\/page"}],"author":[{"embeddable":true,"href":"https:\/\/www.paterskerk.nl\/de\/wp-json\/wp\/v2\/users\/101011"}],"replies":[{"embeddable":true,"href":"https:\/\/www.paterskerk.nl\/de\/wp-json\/wp\/v2\/comments?post=3818"}],"version-history":[{"count":4,"href":"https:\/\/www.paterskerk.nl\/de\/wp-json\/wp\/v2\/pages\/3818\/revisions"}],"predecessor-version":[{"id":3827,"href":"https:\/\/www.paterskerk.nl\/de\/wp-json\/wp\/v2\/pages\/3818\/revisions\/3827"}],"wp:attachment":[{"href":"https:\/\/www.paterskerk.nl\/de\/wp-json\/wp\/v2\/media?parent=3818"}],"curies":[{"name":"wp","href":"https:\/\/api.w.org\/{rel}","templated":true}]}}

<style type="text/css" data-created_by="avia_inline_auto" id="style-css-av-av_heading-63e02ecbde01bb2ee7ce57fb27c97ccc">
#top .av-special-heading.av-av_heading-63e02ecbde01bb2ee7ce57fb27c97ccc{
padding-bottom:10px;
}
body .av-special-heading.av-av_heading-63e02ecbde01bb2ee7ce57fb27c97ccc .av-special-heading-tag .heading-char{
font-size:25px;
}
.av-special-heading.av-av_heading-63e02ecbde01bb2ee7ce57fb27c97ccc .av-subheading{
font-size:15px;
}
</style>
<div  class='av-special-heading av-av_heading-63e02ecbde01bb2ee7ce57fb27c97ccc av-special-heading-h3 meta-heading  avia-builder-el-0  el_before_av_textblock  avia-builder-el-first '><h3 class='av-special-heading-tag '  itemprop="headline"  >Ihre Veranstaltung in einer monumentalen Umgebung!</h3><div class="special-heading-border"><div class="special-heading-inner-border"></div></div></div>
<section  class='av_textblock_section av-av_textblock-aaf3a53f7e22769a7798f31e42769683 '   itemscope="itemscope" itemtype="https://schema.org/CreativeWork" ><div class='avia_textblock'  itemprop="text" ><p>Im Zentrum von Weert, an der Straße Biest, steht die monumentale „Paterskerk“. Ein ganz besonderer Ort, ein Franziskaner Kloster mit Kirche aus dem Jahr 1461. Es wurde dort mehr als 550 Jahre gebetet, getraut, getauft und beerdigt, entspannt, gearbeitet, Bier gebraut, gehandelt und musiziert. Die „Paterskerk“ hatte schon immer für alle diese Gelegenheiten einen großen repräsentativen Raum in der Stadt Weert. Die heutige „Paterskerk“ spielt im städtischen Leben eine vergleichbare Rolle in einer anderen Zeit. Auch heute treffen sich hier Menschen, um Ausstellungen zu besichtigen, werden festliche und außergewöhnliche Zusammenkünfte gehalten oder es finden andere kulturelle Events statt. Dies alles passiert in einer fantastischen monumentalen Umgebung, die die Verbindung zur Vergangenheit sichtbar macht. Ob es sich nun um einen Kongress, eine Präsentation, Hochzeit ob Diner oder Empfang handelt! Die „Paterskerk Evenement“ macht von jeder Veranstaltung ein einzigartiges Erlebnis, das Ihnen lange im Gedächtnis bleibt.</p>
<p>Die tägliche Organisation wird durch <strong>Paterskerk Veranstaltungen </strong>durchgeführt.<br />
Liesbeth Maes-Camfferman &#8211; 0031 (0)6 -51 386 398</p>
</div></section>

<!-- This site is optimized with the Yoast SEO plugin v27.1.1 - https://yoast.com/product/yoast-seo-wordpress/ -->
<title>Veranstaltungen - Paterskerk</title>
<meta name="robots" content="index, follow, max-snippet:-1, max-image-preview:large, max-video-preview:-1" />
<link rel="canonical" href="https://www.paterskerk.nl/de/veranstaltungen/" />
<meta property="og:locale" content="de_DE" />
<meta property="og:type" content="article" />
<meta property="og:title" content="Veranstaltungen - Paterskerk" />
<meta property="og:url" content="https://www.paterskerk.nl/de/veranstaltungen/" />
<meta property="og:site_name" content="Paterskerk" />
<meta property="article:modified_time" content="2014-09-01T15:09:43+00:00" />
<meta property="og:image" content="https://www.paterskerk.nl/wp-content/uploads/2013/04/paterskerk-logo-pos.png" />
	<meta property="og:image:width" content="237" />
	<meta property="og:image:height" content="90" />
	<meta property="og:image:type" content="image/png" />
<meta name="twitter:card" content="summary_large_image" />
<meta name="twitter:label1" content="Geschätzte Lesezeit" />
	<meta name="twitter:data1" content="1 Minute" />
<script type="application/ld+json" class="yoast-schema-graph">{"@context":"https://schema.org","@graph":[{"@type":"WebPage","@id":"https://www.paterskerk.nl/de/veranstaltungen/","url":"https://www.paterskerk.nl/de/veranstaltungen/","name":"Veranstaltungen - Paterskerk","isPartOf":{"@id":"https://www.paterskerk.nl/#website"},"datePublished":"2014-05-21T12:57:11+00:00","dateModified":"2014-09-01T15:09:43+00:00","breadcrumb":{"@id":"https://www.paterskerk.nl/de/veranstaltungen/#breadcrumb"},"inLanguage":"de","potentialAction":[{"@type":"ReadAction","target":["https://www.paterskerk.nl/de/veranstaltungen/"]}]},{"@type":"BreadcrumbList","@id":"https://www.paterskerk.nl/de/veranstaltungen/#breadcrumb","itemListElement":[{"@type":"ListItem","position":1,"name":"Home","item":"https://www.paterskerk.nl/de/"},{"@type":"ListItem","position":2,"name":"Veranstaltungen"}]},{"@type":"WebSite","@id":"https://www.paterskerk.nl/#website","url":"https://www.paterskerk.nl/","name":"Paterskerk","description":"Uw evenement in een monumentale ambiance","potentialAction":[{"@type":"SearchAction","target":{"@type":"EntryPoint","urlTemplate":"https://www.paterskerk.nl/?s={search_term_string}"},"query-input":{"@type":"PropertyValueSpecification","valueRequired":true,"valueName":"search_term_string"}}],"inLanguage":"de"}]}</script>
<!-- / Yoast SEO plugin. -->
